[INFO] fetching crate swc_plugin_comments 0.1.2...
[INFO] checking swc_plugin_comments-0.1.2 against master#e6e4f7ed1589e03bc2f6c5931c1a72e7947e8682 for beta-170-4
[INFO] extracting crate swc_plugin_comments 0.1.2 into /workspace/builds/worker-1-tc2/source
[INFO] validating manifest of crates.io crate swc_plugin_comments 0.1.2 on toolchain e6e4f7ed1589e03bc2f6c5931c1a72e7947e8682
[INFO] running `Command { std: CARGO_HOME="/workspace/cargo-home" RUSTUP_HOME="/workspace/rustup-home" "/workspace/cargo-home/bin/cargo" "+e6e4f7ed1589e03bc2f6c5931c1a72e7947e8682" "metadata" "--manifest-path" "Cargo.toml" "--no-deps", kill_on_drop: false }`
[INFO] started tweaking crates.io crate swc_plugin_comments 0.1.2
[INFO] finished tweaking crates.io crate swc_plugin_comments 0.1.2
[INFO] tweaked toml for crates.io crate swc_plugin_comments 0.1.2 written to /workspace/builds/worker-1-tc2/source/Cargo.toml
[INFO] running `Command { std: CARGO_HOME="/workspace/cargo-home" RUSTUP_HOME="/workspace/rustup-home" __CARGO_TEST_CHANNEL_OVERRIDE_DO_NOT_USE_THIS="nightly" "/workspace/cargo-home/bin/cargo" "+e6e4f7ed1589e03bc2f6c5931c1a72e7947e8682" "generate-lockfile" "--manifest-path" "Cargo.toml" "-Zno-index-update", kill_on_drop: false }`
[INFO] running `Command { std: CARGO_HOME="/workspace/cargo-home" RUSTUP_HOME="/workspace/rustup-home" "/workspace/cargo-home/bin/cargo" "+e6e4f7ed1589e03bc2f6c5931c1a72e7947e8682" "fetch" "--manifest-path" "Cargo.toml", kill_on_drop: false }`
[INFO] running `Command { std: "docker" "create" "-v" "/var/lib/crater-agent-workspace/builds/worker-1-tc2/target:/opt/rustwide/target:rw,Z" "-v" "/var/lib/crater-agent-workspace/builds/worker-1-tc2/source:/opt/rustwide/workdir:ro,Z" "-v" "/var/lib/crater-agent-workspace/cargo-home:/opt/rustwide/cargo-home:ro,Z" "-v" "/var/lib/crater-agent-workspace/rustup-home:/opt/rustwide/rustup-home:ro,Z" "-e" "SOURCE_DIR=/opt/rustwide/workdir" "-e" "CARGO_TARGET_DIR=/opt/rustwide/target" "-e" "CARGO_HOME=/opt/rustwide/cargo-home" "-e" "RUSTUP_HOME=/opt/rustwide/rustup-home" "-w" "/opt/rustwide/workdir" "-m" "1610612736" "--user" "0:0" "--network" "none" "ghcr.io/rust-lang/crates-build-env/linux@sha256:19e73879b68f455e41552ea35293514db52ea292d993f571636dbffedb77a1ee" "/opt/rustwide/cargo-home/bin/cargo" "+e6e4f7ed1589e03bc2f6c5931c1a72e7947e8682" "metadata" "--no-deps" "--format-version=1", kill_on_drop: false }`
[INFO] [stdout] 49afb7be9e60c08c14712c3a5fd77ab358505a5d29675a524022aad9580f51a4
[INFO] running `Command { std: "docker" "start" "-a" "49afb7be9e60c08c14712c3a5fd77ab358505a5d29675a524022aad9580f51a4", kill_on_drop: false }`
[INFO] running `Command { std: "docker" "inspect" "49afb7be9e60c08c14712c3a5fd77ab358505a5d29675a524022aad9580f51a4", kill_on_drop: false }`
[INFO] running `Command { std: "docker" "rm" "-f" "49afb7be9e60c08c14712c3a5fd77ab358505a5d29675a524022aad9580f51a4", kill_on_drop: false }`
[INFO] [stdout] 49afb7be9e60c08c14712c3a5fd77ab358505a5d29675a524022aad9580f51a4
[INFO] running `Command { std: "docker" "create" "-v" "/var/lib/crater-agent-workspace/builds/worker-1-tc2/target:/opt/rustwide/target:rw,Z" "-v" "/var/lib/crater-agent-workspace/builds/worker-1-tc2/source:/opt/rustwide/workdir:ro,Z" "-v" "/var/lib/crater-agent-workspace/cargo-home:/opt/rustwide/cargo-home:ro,Z" "-v" "/var/lib/crater-agent-workspace/rustup-home:/opt/rustwide/rustup-home:ro,Z" "-e" "SOURCE_DIR=/opt/rustwide/workdir" "-e" "CARGO_TARGET_DIR=/opt/rustwide/target" "-e" "CARGO_INCREMENTAL=0" "-e" "RUST_BACKTRACE=full" "-e" "RUSTFLAGS=--cap-lints=forbid" "-e" "RUSTDOCFLAGS=--cap-lints=forbid" "-e" "CARGO_HOME=/opt/rustwide/cargo-home" "-e" "RUSTUP_HOME=/opt/rustwide/rustup-home" "-w" "/opt/rustwide/workdir" "-m" "1610612736" "--user" "0:0" "--network" "none" "ghcr.io/rust-lang/crates-build-env/linux@sha256:19e73879b68f455e41552ea35293514db52ea292d993f571636dbffedb77a1ee" "/opt/rustwide/cargo-home/bin/cargo" "+e6e4f7ed1589e03bc2f6c5931c1a72e7947e8682" "check" "--frozen" "--all" "--all-targets" "--message-format=json", kill_on_drop: false }`
[INFO] [stdout] 39136b6cbdc518fc3f33baa17e6940e9e474b84045dd0089a6b29b9350d6d331
[INFO] running `Command { std: "docker" "start" "-a" "39136b6cbdc518fc3f33baa17e6940e9e474b84045dd0089a6b29b9350d6d331", kill_on_drop: false }`
[INFO] [stderr]    Compiling syn v1.0.109
[INFO] [stderr]    Compiling strsim v0.9.3
[INFO] [stderr]    Compiling fnv v1.0.7
[INFO] [stderr]    Compiling ident_case v1.0.1
[INFO] [stderr]    Compiling regex-syntax v0.7.2
[INFO] [stderr]    Compiling num-traits v0.2.15
[INFO] [stderr]    Compiling num-integer v0.1.45
[INFO] [stderr]    Compiling syn v2.0.18
[INFO] [stderr]    Compiling aho-corasick v1.0.1
[INFO] [stderr]     Checking getrandom v0.2.9
[INFO] [stderr]     Checking parking_lot_core v0.9.7
[INFO] [stderr]    Compiling num-bigint v0.4.3
[INFO] [stderr]     Checking void v1.0.2
[INFO] [stderr]    Compiling rkyv v0.7.42
[INFO] [stderr]     Checking seahash v4.1.0
[INFO] [stderr]     Checking better_scoped_tls v0.1.0
[INFO] [stderr]     Checking unreachable v0.1.1
[INFO] [stderr]     Checking rustc-hash v1.1.0
[INFO] [stderr]     Checking debug_unreachable v0.1.1
[INFO] [stderr]     Checking ahash v0.7.6
[INFO] [stderr]     Checking parking_lot v0.12.1
[INFO] [stderr]     Checking hashbrown v0.12.3
[INFO] [stderr]    Compiling regex v1.8.3
[INFO] [stderr]    Compiling Inflector v0.11.4
[INFO] [stderr]    Compiling serde_derive v1.0.163
[INFO] [stderr]    Compiling tracing-attributes v0.1.24
[INFO] [stderr]    Compiling pmutil v0.5.3
[INFO] [stderr]    Compiling darling_core v0.10.2
[INFO] [stderr]    Compiling swc_macros_common v0.3.7
[INFO] [stderr]    Compiling ptr_meta_derive v0.1.4
[INFO] [stderr]    Compiling swc_visit_macros v0.3.5
[INFO] [stderr]    Compiling rkyv_derive v0.7.42
[INFO] [stderr]    Compiling swc_eq_ignore_macros v0.1.1
[INFO] [stderr]    Compiling from_variant v0.1.5
[INFO] [stderr]     Checking tracing v0.1.37
[INFO] [stderr]    Compiling darling_macro v0.10.2
[INFO] [stderr]     Checking ptr_meta v0.1.4
[INFO] [stderr]    Compiling darling v0.10.2
[INFO] [stderr]    Compiling ast_node v0.7.7
[INFO] [stdout] error[E0308]: mismatched types
[INFO] [stdout]    --> /opt/rustwide/cargo-home/registry/src/index.crates.io-6f17d22bba15001f/ast_node-0.7.7/src/lib.rs:142:24
[INFO] [stdout]     |
[INFO] [stdout] 142 |     print("ast_serde", item)
[INFO] [stdout]     |     -----              ^^^^ expected `TokenStream`, found `Quote`
[INFO] [stdout]     |     |
[INFO] [stdout]     |     arguments to this function are incorrect
[INFO] [stdout]     |
[INFO] [stdout] note: function defined here
[INFO] [stdout]    --> /opt/rustwide/cargo-home/registry/src/index.crates.io-6f17d22bba15001f/swc_macros_common-0.3.7/src/lib.rs:34:8
[INFO] [stdout]     |
[INFO] [stdout] 34  | pub fn print(attr: &'static str, tokens: proc_macro2::TokenStream) -> proc_macro::TokenStream {
[INFO] [stdout]     |        ^^^^^
[INFO] [stdout] help: call `Into::into` on this expression to convert `Quote` into `TokenStream2`
[INFO] [stdout]     |
[INFO] [stdout] 142 |     print("ast_serde", item.into())
[INFO] [stdout]     |                            +++++++
[INFO] [stdout] 
[INFO] [stdout] 
[INFO] [stdout] error[E0308]: mismatched types
[INFO] [stdout]    --> /opt/rustwide/cargo-home/registry/src/index.crates.io-6f17d22bba15001f/ast_node-0.7.7/src/lib.rs:285:23
[INFO] [stdout]     |
[INFO] [stdout] 285 |     print("ast_node", item)
[INFO] [stdout]     |     -----             ^^^^ expected `TokenStream`, found `Quote`
[INFO] [stdout]     |     |
[INFO] [stdout]     |     arguments to this function are incorrect
[INFO] [stdout]     |
[INFO] [stdout] note: function defined here
[INFO] [stdout]    --> /opt/rustwide/cargo-home/registry/src/index.crates.io-6f17d22bba15001f/swc_macros_common-0.3.7/src/lib.rs:34:8
[INFO] [stdout]     |
[INFO] [stdout] 34  | pub fn print(attr: &'static str, tokens: proc_macro2::TokenStream) -> proc_macro::TokenStream {
[INFO] [stdout]     |        ^^^^^
[INFO] [stdout] help: call `Into::into` on this expression to convert `Quote` into `TokenStream2`
[INFO] [stdout]     |
[INFO] [stdout] 285 |     print("ast_node", item.into())
[INFO] [stdout]     |                           +++++++
[INFO] [stdout] 
[INFO] [stdout] 
[INFO] [stdout] error[E0308]: mismatched types
[INFO] [stdout]    --> /opt/rustwide/cargo-home/registry/src/index.crates.io-6f17d22bba15001f/ast_node-0.7.7/src/lib.rs:303:17
[INFO] [stdout]     |
[INFO] [stdout] 303 |     print(name, item)
[INFO] [stdout]     |     -----       ^^^^ expected `TokenStream`, found `Quote`
[INFO] [stdout]     |     |
[INFO] [stdout]     |     arguments to this function are incorrect
[INFO] [stdout]     |
[INFO] [stdout] note: function defined here
[INFO] [stdout]    --> /opt/rustwide/cargo-home/registry/src/index.crates.io-6f17d22bba15001f/swc_macros_common-0.3.7/src/lib.rs:34:8
[INFO] [stdout]     |
[INFO] [stdout] 34  | pub fn print(attr: &'static str, tokens: proc_macro2::TokenStream) -> proc_macro::TokenStream {
[INFO] [stdout]     |        ^^^^^
[INFO] [stdout] help: call `Into::into` on this expression to convert `Quote` into `TokenStream2`
[INFO] [stdout]     |
[INFO] [stdout] 303 |     print(name, item.into())
[INFO] [stdout]     |                     +++++++
[INFO] [stdout] 
[INFO] [stdout] 
[INFO] [stdout] error: aborting due to 3 previous errors
[INFO] [stdout] 
[INFO] [stdout] 
[INFO] [stdout] For more information about this error, try `rustc --explain E0308`.
[INFO] [stdout] 
[INFO] [stderr] error: could not compile `ast_node` (lib) due to 4 previous errors
[INFO] [stderr] warning: build failed, waiting for other jobs to finish...
[INFO] running `Command { std: "docker" "inspect" "39136b6cbdc518fc3f33baa17e6940e9e474b84045dd0089a6b29b9350d6d331", kill_on_drop: false }`
[INFO] running `Command { std: "docker" "rm" "-f" "39136b6cbdc518fc3f33baa17e6940e9e474b84045dd0089a6b29b9350d6d331", kill_on_drop: false }`
[INFO] [stdout] 39136b6cbdc518fc3f33baa17e6940e9e474b84045dd0089a6b29b9350d6d331
